
True
Let u(r) = 26*r - 1. Let z be u(1). Suppose -50 = -g + a + z, -3*g + 226 = -4*a. Is g prime?
False
Let m be ((-8)/(-3))/((-1)/(-429)). Suppose -m - 251 = -5*y. Let c = -166 + y. Is c a prime number?
True
Let j(c) = 4*c**2 + 3*c. Suppose -3*n + 23 - 8 = 0, a = -5*n + 23. Let p be j(a). Is 4/p + 466/10 prime?
True
Suppose 0 = -4*u - 4*c + 8, 2*c = -8 - 2. Suppose 55 = -2*g + u*g. Let o(t) = -t**2 + 14*t + 4. Is o(g) a composite number?
False
Suppose 30*x = 20*x + 17690. Is x composite?
True
Let y = -44 + 75. Is y a prime number?
True
Suppose 0 = -f - 3*f - k + 78, 5*f - 3*k - 89 = 0. Suppose 4*c - 5 = u + 7, 0 = -3*u + 3*c - 9. Let o = f - u. Is o composite?
False
Let x be (-4)/3*276/8. Let g = 201 + x. Is g a prime number?
False
Let c(t) = -t + 9. Let w be c(5). Let a(g) = 0*g**2 + 3 - w*g + 2*g**2 + 6. Is a(7) composite?
False
Suppose 7*y = 1317 + 104. Is y composite?
True
Is -1*(-2 + 3) + 70 prime?
False
Let h = 1947 + -1018. Is h prime?
True
Let s(x) = 4*x + 35. Is s(11) a prime number?
True
Suppose 0 = -o - 1, 2*y - 5*o - 2307 = 0. Is y prime?
True
Is (-3306)/(-21) - 3/7 a composite number?
False
Is (2510/6)/(70/21 + -3) prime?
False
Let a be -5 + 3 - (0 + -2). Suppose -4*t = 4*d - 5*t - 20, d - 5*t + 14 = a. Is d/21 + (-136)/(-14) composite?
True
Let j(l) = -24*l - 2. Is j(-5) a composite number?
True
Let x(f) = -517*f + 9. Is x(-2) a prime number?
False
Suppose 3*g - 15 = -0. Suppose 0 = -g*z + 53 + 77. Is z a prime number?
False
Let i(v) = 8*v**3 + 3*v**2 + v + 5. Is i(3) prime?
True
Suppose j - 117 = 2*q, 0 = q - 3*q + 10. Is j prime?
True
Suppose 3*c - 382 = c. Is c a prime number?
True
Suppose -2*o + 5*o - 51 = 0. Let z be (o - 1)/((-6)/(-99)). Let g = z + -11. Is g a composite number?
True
Let f = 195 + -52. Is f prime?
False
Let q(l) = -57*l**2 - 1. Suppose 0 = 4*n - 5 + 1. Let c be q(n). Let b = -5 - c. Is b a composite number?
False
Suppose 82 = -g + 257. Suppose -4*z + g = -109. Is z composite?
False
Let a = -1248 + 2297. Is a a prime number?
True
Let c(u) = 4*u**2 + 20*u + 3. Is c(-13) composite?
False
Suppose -3*i - 13 = 5*p + 106, -5*p - 167 = 4*i. Let u = -33 - i. Is u prime?
False
Suppose -3*x - 5 = 2*x. Let r be (x/2)/((-1)/4). Suppose j - 84 = -3*d, -j + r*d + d = -102. Is j a prime number?
False
Let d(x) = 12*x**2 - 2 - 2*x + 0*x + 7*x**2. Let w be d(-2). Suppose -o - 5*t + 26 + w = 0, -5*o + 2*t + 385 = 0. Is o prime?
True
Let l = 275 + 143. Suppose -2*j + 3*r = -277, -5*r - l = -3*j - 0*r. Is j prime?
True
Suppose 0 = -6*p + 3*p + 45. Let t be ((-6)/5)/(3/p). Is (2/t)/(4/(-372)) prime?
True
Let t = -54 - -221. Is t a prime number?
True
Suppose 0*m - m = -763. Is m composite?
True
Let y(j) = 3*j**2 + 5*j - 3. Is y(5) a composite number?
False
Suppose -2*r + 3 = -u + 4, -3*u = -2*r + 1. Suppose -5*p = -p. Is p - 1*(u + -84) prime?
False
Suppose -3*z = -z - 4. Suppose z*b + 0*b + 14 = 0. Is 30 - (2 - (-2 - b)) a prime number?
False
Let c(b) = -394*b**3 + 2*b**2 + 6*b + 5. Is c(-1) composite?
True
Let b = 3090 - 1555. Is b composite?
True
Let s(r) = -r**2 + 9*r + 3. Let q = 11 + -2. Is s(q) composite?
False
Let s = 11 + -5. Let d(h) = -h**3 + h**2 + h + 406. Let w be d(0). Is (-8)/12 + w/s prime?
True
Let j(u) = 125*u + 1. Is j(2) prime?
True
Suppose -4*w + 3*j = -0*w - 149, 4*w - 2*j - 146 = 0. Let n(q) = -q**2 + 5*q + 7. Let h be n(6). Is w + (h - -1) + 0 a prime number?
True
Let c be 9/6*(-32)/3. Let o = 69 + c. Is o a prime number?
True
Let r be 0 + 1 + (661 - -5). Suppose 5*f - 1123 = 4*u, 0*f = 3*f + u - r. Is f composite?
False
Suppose -770 = -5*o - 5*y, -4*o + 6*o - 299 = -5*y. Is o a composite number?
False
Suppose -z + 12 = 2*z. Suppose 0 = -c + z*c - 9. Suppose 3*n = 0, c*s - 7*s + 84 = -2*n. Is s a prime number?
False
Let y(u) = 26*u**2 + 5*u - 5. Is y(2) a prime number?
True
Let g(q) = 3*q + 4 - 5*q + 2*q - q. Suppose -6*d + 3*d + k - 16 = 0, -5*d - 5*k = 20. Is g(d) prime?
False
Suppose 2*z = 8 + 2. Suppose 2*q = 160 + 34. Suppose 2*u = -l + 163, -q = -u + z*l + 1. Is u composite?
False
Let p(l) be the third derivative of -l**4/24 + l**3/6 - l**2. Let a be p(1). Suppose a*f + 4*f = 60. Is f composite?
True
Let a(y) = 300*y**3 + 2*y - 1. Is a(1) prime?
False
Let v = 5 - 2. Let d = 16 + v. Is d prime?
True
Let l(y) = y**3 + 5*y**2 + 3*y + 1. Let d be l(-4). Suppose -4*r + d*r - 38 = 0. Is r a composite number?
True
Suppose 0 = -4*s + 4, 0 = -o - s - 3 - 2. Let f be (-278)/o + (-2)/6. Suppose v - 13 = f. Is v prime?
True
Suppose -5*g + 12186 = 13*g. Is g composite?
False
Let z = -6 - -4. Is 77 - z - 0/(-2) composite?
False
Let p(h) = -h**3 - 21*h**2 + 24*h - 39. Is p(-25) prime?
True
Suppose 4*d = -4*j + 300, 0*j - 3*j = 5*d - 221. Suppose 0*m - m + 20 = 0. Suppose 3*s = -m + j. Is s prime?
True
Let l(x) = -2*x - 9. Let o be l(-6). Suppose 0 = -4*u - 9 - o, -5*u = -4*a + 35. Suppose -2*f = -a*f + 33. Is f composite?
False
Suppose 5 = -5*u - 0. Is u/(-3) - (-62)/3 a prime number?
False
Let n be -2 - -23*(2 + -1). Let v be 0/4 - (-6)/2. Suppose v*j = -n + 504. Is j prime?
False
Suppose -100 = 2*d + 3*a - 349, -252 = -2*d - 4*a. Suppose -4*v = -2*k + 5*k - 173, 2*k - d = 2*v. Is k prime?
True
Let d(b) be the second derivative of b**3 - b**3 + 2*b**2 + b**3 + b. Is d(5) composite?
True
Suppose s = -3*h - 28, 4*s + 0*h = -4*h - 120. Let y = s - -70. Is y a prime number?
False
Let q(i) = -1 + 0*i + 0*i + 20*i. Is q(1) composite?
False
Suppose 6 = -c + 2*c. Is ((-2)/(-3))/(c/1719) composite?
False
Suppose 5*b + 1714 = 7519. Suppose 0 = -3*z + b + 336. Is z a composite number?
False
Let d = 402 + -139. Is d a prime number?
True
Let t be 2 - 2 - -1 - -2. Suppose -z + t*z = 66. Is z composite?
True
Let l(r) be the first derivative of r**6/120 - 7*r**5/120 - 7*r**4/24 - r**3/3 + 2. Let a(f) be the third derivative of l(f). Is a(6) composite?
False
Suppose 6*t = 12*t - 23646. Is t composite?
True
Let l be ((-8)/(-12) - 1)*-12. Suppose 308 = -0*i + l*i. Is i a prime number?
False
Suppose -2*o + 162 = -16. Is o composite?
False
Let a(v) = 20*v**2 + 10*v - 7. Is a(7) a prime number?
False
Let r(c) be the first derivative of -3*c**2 - 1 - 3*c - 2*c + c**2. Is r(-6) prime?
True
Let u(t) = -6*t - t + 1 + t**2 + 2. Let x be 1*(-14)/(-1 + -1). Is u(x) prime?
True
Let o(r) = r + 6. Let i(v) = v + 3. Let y(n) = 9*i(n) - 4*o(n). Is y(10) composite?
False
Let d(g) = -6*g**3 - 4*g**2 - 3*g - 1. Is d(-4) composite?
False
Let b = 2942 + -1249. Is b a prime number?
True
Let a = 1219 - 726. Is a composite?
True
Let t(i) = i**2 + 9*i - 2. Let q be t(-10). Suppose -5*h + 102 = 2*z, 3*h + 29 = -z + 2*z. Let k = z - q. Is k a composite number?
True
Suppose 2*q + 2*q = 1284. Suppose -4*k + 949 = 3*o, -o - 2*k = -3*k - q. Is o prime?
False
Suppose 0 = -b - 0*b - 2*w + 16, -5*w - 65 = -5*b. Suppose 0 = 2*g - 6*g - 28. Let a = b + g. Is a a prime number?
True
Suppose -i - 379 + 1062 = 0. Is i composite?
False
Suppose -4*k - 4*u + 222 = -906, 0 = -2*u. Is k*(-3)/(-12)*2 a prime number?
False
Let o(a) = 3*a**2 - 5*a - 4. Let d be o(-6). Suppose -4*l + d = -142. Is l composite?
True
Let c be (-2)/(-8) - 9/4. Is (48/(-40))/(c/10) prime?
False
Let y(a) = a**2 + 9*a - 8. Let t be y(-10). Is (-852)/(-24) + t/(-4) a prime number?
False
Suppose -4*l = 5*b - 10*b + 858, 3*l = -6. Suppose 0 = -4*a - 16, 4*f + 3*a = 2*f + b. Is f prime?
False
Is ((-3)/6 - 1)*(-824)/12 a composite number?
False
Suppose 2*l = l. Is 317 + 2 - (l - -2) prime?
True
Let v(w) = 40*w**2 - 4*w - 1. Is v(-3) a composite number?
True
Suppose r = -2*r - 12. Is r/(-14) - (-972)/28 a prime number?
False
Let z be (-3)/(-12) - 122/8. Is (-158)/(-3)*z/(-10) a composite number?
False
Suppose 5 = 2*i - c, -14 = 4*i - 7*i - 5*c. Is (0 - 98)*i/(-6) a prime number?
False
Let w be (-2)/(-9) + 1254/(-54). Is 3 - (2 - -8)*w prime?
True
Suppose 0 = 5*v + b - 4*b - 2101, 5*v = -4*b + 2122. Is v a prime number?
False
Let x = -44 + -257. Let g = -78 - x. Is g a composite number?
False
Suppose 617 = 7*k - 6040. Is k a prime number?
False
Suppose -k - 1539 = 2*t - 4*t, -20 = 4*k. Is t prime?
False
Let t = -296 + 111. Let j = t + 576. Is j composite?
True
Let l(g) = -12*g - 1. Let b = -4 + 8. Suppose -b*y = -1 + 9. Is l(y) a composite number?
False
Let b(k) = k**3 + 10*k**2 + 9*k + 2. Let v be b(-9